te z(v).
-15
Suppose -5*p = 3*v - 71, 27*v + 2*p - 50 = 24*v. Let z(r) = 3*r**2 - 35*r - 5. What is z(v)?
7
Let k be (-28)/(-18)*(-6228)/(-1384). Let g(c) = 7 + 0*c**2 + 2*c**2 + 0*c**2 - 10*c. Determine g(k).
35
Let m(g) = g**3 + 8*g**2 - 2*g + 2. Suppose 0 = 3*y + v - 90, 3*y = -v + 6*v + 108. Suppose 0 = 52*i - y*i + 168. Determine m(i).
18
Let l be ((-12)/(-4))/(-1) + -32 + 1. Let c = 40 + l. Let x(u) = 4*u**2 + 6*u**3 + u**3 - 3 - c*u**3. Calculate x(-3).
6
Let p(l) = -13*l**3 + 10*l**2 - 22*l. Let t(v) = 24*v**3 - 19*v**2 + 42*v. Let g(k) = -11*p(k) - 6*t(k). Give g(4).
-40
Let f(z) = 27*z - 1404. Let o be f(52). Let c(m) = 2*m**3 - m**2 - 4*m + 6. Give c(o).
6
Let s(w) = 2*w**2 - 4*w + 3. Suppose 135 = 5*v - 5*u, 2*u - 54 = -43*v + 41*v. Let k be (31 - v) + (-1)/1. What is s(k)?
9
Let c(x) = -4*x + 6. Let o be 146/9 - 6/27. Suppose 3*r = 4*u - r - o, -5*u - 2*r + 13 = 0. Suppose 3*s = u, 0*q + 2*s = q - 2. Give c(q).
-10
Let n(g) = -g**3 + 4*g**2 + 3. Let l be 52 + (-2)/(-6) + 1/(-3). Suppose -14*h = -h - l. Calculate n(h).
3
Let n(m) = 16 + 14 + 2 + 3096*m - 7 - 3121*m. Give n(5).
-100
Let j(k) = -4 - 10*k + 3*k**2 + 3*k**2 + 17 - 7*k**2. Let v be (2 - -6)*(-2)/16*4. Let a be -8 + (4 - (2 + 1)) + v. Calculate j(a).
2
Let m be -5 + -64 - (-4 + 1). Let z = 62 + m. Let b(n) = -2*n - 6. Calculate b(z).
2
Let t(b) = 9*b + 14. Let h = -913 - -917. Calculate t(h).
50
Let u = 7 + -9. Let j(n) be the second derivative of -n**6/120 - n**5/60 - n**4/3 - 28*n. Let g(a) be the third derivative of j(a). Calculate g(u).
10
Suppose 13*h - 51 - 66 = 0. Let u(d) = -7*d + d**3 + d**2 + 3*d - 8 + 5*d**2 - h*d + 5*d**2. Calculate u(-12).
4
Let k(i) = -3*i - 26. Let o be k(-10). Let x(m) = -4 - 3*m - m**2 + 1 + 8*m + 2. Calculate x(o).
3
Suppose 32 = 5*r + 11*r. Let c(s) = -19617 + 19606 + r*s + s - 4*s. Calculate c(-5).
-6
Let t(q) be the third derivative of -q**4/6 - 10*q**3 + 11*q**2 + 3*q. What is t(-19)?
16
Let p be -3 + 0 - (88 + -95). Let g(x) be the second derivative of x**4/12 - x**3/2 + 2*x**2 - 3*x. Determine g(p).
8
Let p be (-2 - (-40)/16)*2*1. Suppose -w = k - 7 + p, -4 = -4*k. Let g(l) = w + l**2 - l - 1 - 6. Determine g(-4).
18
Let i(p) be the first derivative of p**3/2 - 5*p**2/2 - p - 22. Let x(o) be the first derivative of i(o). Determine x(6).
13
Let h(b) = -96*b + 536. Let k(c) = -4*c + 6. Let l(m) = -h(m) + 20*k(m). Calculate l(26).
0
Suppose q + 5*m = 94 - 89, 3*q - 3*m = -3. Let s(l) = 0*l + l + 1 - 2. Determine s(q).
-1
Let k(s) be the third derivative of 5*s**4/24 + 11*s**3/3 - 18*s**2 - 20. Calculate k(-7).
-13
Let q(x) = x**3 - 18*x**2 + 3*x + 23. Let i be q(18). Let u = 73 - i. Let c(g) = -2 + 4*g - 1 + 8 + 0. Calculate c(u).
-11
Let i(w) = w**2 - 2*w - 1. Let h(l) = 5*l**2 - 2*l - 7. Let j = -149 - -150. Let p(x) = j*h(x) - 3*i(x). What is p(-4)?
12
Let o(y) = 36*y + 1. Let q(i) = 43*i**3 + 34*i + 36*i**3 - 78*i**3 - 20*i**2 + 37. Let f be q(18). Calculate o(f).
37
Let d(m) = 6*m + 4. Let p(a) = -13*a - 8. Let x(g) = 9*d(g) + 4*p(g). Let u be x(-1). Let k(v) = 1 - 2 + u - v + 9. Give k(7).
3
Let r be 12/2 - (-9 - -5). Let m(v) = -2*v**2 - 25*v + v**2 + 5*v + r*v + 13*v. Give m(5).
-10
Let a(g) be the second derivative of -g**4/6 - 4*g**3/3 + 2*g**2 - 397*g. Calculate a(-4).
4
Suppose -20 = -2*p + 2*k - 0, -25 = -2*p + 3*k. Let m(x) = -x + 10. Let y = -11 + 5. Let f(g) = g - 9. Let n(w) = y*f(w) - 5*m(w). What is n(p)?
-1
Let f(o) = -9*o**2 - 9*o - 1. Let d(s) = -4*s**2 - 5*s. Let v(g) = 5*d(g) - 3*f(g). Let j(l) = -l**2 - 1. Let k(h) = 6*j(h) + v(h). Determine k(3).
12
Let m = 169 + -163. Let a(v) = 14*v - 17. Let h(i) = -5*i + 6. Let g(c) = m*a(c) + 17*h(c). What is g(-4)?
4
Let f(q) = -q**3 - 4*q**2 - 5*q - 15. Let l = 2409 + -2412. Give f(l).
-9
Let x(p) be the second derivative of p**4/12 + 4*p**3/3 - 2*p**2 + 22*p - 1. Suppose 4*v + 2 = i, 31*i - 29*i + 4*v = -20. What is x(i)?
-16
Let p = 40 - 22. Let y(c) = -c**2 + 21*c - 56. Let u be y(p). Let b(q) = -3*q**2 - 2*q - 1. Determine b(u).
-9
Let w(b) = b**3 + 6*b**2 - 55*b - 305. Let d be w(-5). Let p(s) be the third derivative of s**6/120 + s**5/10 + s**4/6 - 7*s**3/6 + 13*s**2. Determine p(d).
-2
Let k be ((-2025)/(-60))/(-45) + (25/(-4) - -4). Let g(h) be the third derivative of h**6/120 + h**5/12 + 5*h**4/24 - h**3/6 + 2*h**2. Calculate g(k).
2
Let o = 27 - 23. Suppose 4*x + 8 = 0, -2*x - 2 = o*v - 18. Let k(u) = -u**2 + 4*u + 6. Give k(v).
1
Suppose 3*y - 17*t = -8*t - 9, -5*y + 3*t = 63. Let f(n) = n**3 + 17*n**2 + 31*n + 1. Give f(y).
-14
Let x(i) = 378*i + 378. Let w be x(-1). Let k(p) = -2*p**2 + 2*p + 77. What is k(w)?
77
Let m(x) = -x + 14. Let y be m(6). Suppose 2*k + 25 = -4*g + 33, -4*k + 9 = g. Let j(i) = 3*i**3 + 9 - 2*i**3 - 9*i**2 - 4*i**2 + 5*i**k. What is j(y)?
9
Let q(k) = -8 - 5*k + 11*k**2 + 5*k**2 + 5 - 25*k**2 + 7*k**2. Calculate q(-5).
-28
Let q(p) = -p**2 - 18*p - 19. Let u(t) = -t**2 - 17*t - 18. Let n(c) = 5*q(c) - 6*u(c). Suppose -17 = 5*z + 33. Determine n(z).
-7
Let h(n) = -5*n**3 + n + 1. Let u be 153 + ((-6)/(-15) - (-7)/(-5)). Suppose 0 = u*l - 151*l + 1. Calculate h(l).
5
Let y(k) = k**3 - 2*k**2 + 2*k. Let q(f) = f - 15. Let j be q(15). Let z be y(j). Suppose d + 6*d + 7 = z. Let g(h) = -h. Calculate g(d).
1
Let h(k) = -9*k**3 - 19*k**2 - 9*k + 36. Let c(f) = -4*f**3 - 9*f**2 - 4*f + 18. Let y(x) = 7*c(x) - 3*h(x). Calculate y(-5).
-2
Let g(v) = v**3 - v**2 - 12*v + 23. Let i be (-129)/(-33) + 1390/(-1529). Determine g(i).
5
Let f be 1 + (-7 + 2 - -1). Let b(p) = -90618 - 2*p + 90618. Give b(f).
6
Let b = -3072 - -3077. Let t(a) = 0 - 5*a - 3*a**3 + 7 + 6*a**2 + 2*a**3. What is t(b)?
7
Let p(z) = 6*z + 2. Suppose 18*y = 6755 + 1327. Suppose -450*n = -y*n + 6. Calculate p(n).
-34
Let b(p) = -3*p - 46. Let f(y) = 2*y + 18. Let k(n) = -b(n) - f(n). Calculate k(17).
45
Let r(c) = 20*c**2 + 3*c + 15. Let h(q) = 3*q**2 + 1. Let f(z) = 7*h(z) - r(z). Determine f(5).
2
Let u(g) be the first derivative of 2*g**3/3 - 13*g**2/2 + 19*g + 306. What is u(2)?
1
Let o = 117 + -116. Let b(q) = -11 + 86*q + 10 - 93*q. Calculate b(o).
-8
Let i(o) be the second derivative of -o**5/120 - o**4/24 + 16*o**3/3 + o**2 + 156*o. Let s(n) be the second derivative of i(n). Calculate s(-4).
3
Suppose 0 = -33*q + 29*q + 20. Let m be (q/(6 - 1))/(1/(-5)). Let t(i) = i**2 + 5*i - 3. Calculate t(m).
-3
Let n(q) = -4*q**2 - 16*q - 9. Let w(m) = 25*m**2 + 109*m + 55. Let k(x) = 13*n(x) + 2*w(x). Calculate k(5).
-7
Let m(h) = -h**3 + 2*h. Let c(s) = -s**3 + 2*s**2 + 21*s - 50. Let r be c(3). Suppose -8 = 4*o, 2*v + r*o - 2 = -6. What is m(v)?
-4
Let y(w) = -28*w**2 - 39*w + 3 + 189*w**3 + 31*w**2 - 190*w**3 + 1 + 40*w. Let p(k) = -k**3 + 2*k**2 + 3*k + 4. Let l = 4 - 1. Let a be p(l). Calculate y(a).
-8
Let b(j) be the second derivative of 13*j**4/12 - 2*j**3/3 - 5*j**2/2 + j - 158. Calculate b(-1).
12
Let r = -4268 - -4292. Let m(p) = 2*p**2 - 50*p + 52. Calculate m(r).
4
Let u(m) = m**2 - 11*m + 10. Let g(l) = 4*l. Let d be g(1). Let y be d - (-260)/(-4) - 0. Let w = -51 - y. Give u(w).
0
Let f(z) = 2*z - 9. Suppose -1032 = -80*u - 6*u. Determine f(u).
15
Let j(m) = m**3 - m**2 + 2. Suppose -2*v - 5 = -5*b - 3, -5*v - 5 = 5*b. Let w(o) = -5*o**3 + o**2 + 7*o - 14. Let t(d) = v*w(d) - 6*j(d). What is t(3)?
-1
Let k(x) = 2*x**3 - 17*x**2 - 3*x - 40. Suppose -2864*d = -2885*d + 113 + 76. Determine k(d).
14
Let u(n) = -17*n - 12. Let i = 5851 + -5848. Calculate u(i).
-63
Let i(v) be the first derivative of -v**5/30 + v**4/24 - v**3/3 + 99*v**2 + 60. Let q(d) be the second derivative of i(d). What is q(2)?
-8
Let o(q) be the first derivative of -q**3 - 3*q**2 + 6*q + 3545. What is o(4)?
-66
Let i(g) = -827*g + 834. Let v be i(1). Let s(k) = k**3 - 4*k**2 - 17*k - 3. What is s(v)?
25
Let u be (-3 - 1)/(-1) + (-4)/4. Suppose 2*n = -m + 12, -n - 2*m = -u*m - 3. Let g(d) = -d**2 + 4*d - 2. Determine g(n).
-7
Let n(h) be the second derivative of h**5/120 - h**4/2 + 80*h**3/3 + 66*h. Let l(w) be the second derivative of n(w). Give l(17).
5
Let o(b) = 146*b + 13. Let r(x) = 838*x + 78. Let c(v) = -23*o(v) + 4*r(v). Calculate c(5).
-17
Let o(x) = -2*x**2 + 0*x - 9*x + 6*x**2 - 1 - 5*x**2. Suppose 0 = -7*l + 12 - 54. Let s be 4/l*(-1 - -13). Determine o(s).
7
Let a(d) = -22*d - 70